Dec 01 12:14:32.064 INFO testing kobalazs/docker-puzzles against master#8940af3cea4a9a9deabcaf843b2f8cad9a83fc61 for beta-1.31-5
Dec 01 12:14:32.064 INFO running `"docker" "create" "-v" "/mnt/big/crater/work/local/target-dirs/beta-1.31-5/worker-5/master#8940af3cea4a9a9deabcaf843b2f8cad9a83fc61:/target:rw,Z" "-v" "/mnt/big/crater/work/local/test-source/worker-5/beta-1.31-5/master#8940af3cea4a9a9deabcaf843b2f8cad9a83fc61:/source:ro,Z" "-v" "/mnt/big/crater/work/local/cargo-home:/cargo-home:ro,Z" "-v" "/mnt/big/crater/work/local/rustup-home:/rustup-home:ro,Z" "-e" "USER_ID=1000" "-e" "SOURCE_DIR=/source" "-e" "USER_ID=1000" "-e" "CMD=cargo +8940af3cea4a9a9deabcaf843b2f8cad9a83fc61-alt build --frozen" "-e" "CARGO_TARGET_DIR=/target" "-e" "CARGO_INCREMENTAL=0" "-e" "RUST_BACKTRACE=full" "-e" "RUSTFLAGS=--cap-lints=warn" "-e" "CARGO_HOME=/cargo-home" "-e" "RUSTUP_HOME=/rustup-home" "-m" "1536M" "--network" "none" "crater"`
Dec 01 12:14:32.418 INFO [stdout] de73aebeed8a4a9f83188c474f0309bf2e973b52f4b302444169a29dd903411c
Dec 01 12:14:32.427 INFO running `"docker" "start" "-a" "de73aebeed8a4a9f83188c474f0309bf2e973b52f4b302444169a29dd903411c"`
Dec 01 12:14:32.856 INFO [stderr] usermod: no changes
Dec 01 12:14:32.920 INFO [stderr]    Compiling libc v0.2.44
Dec 01 12:14:34.829 INFO [stderr]    Compiling memchr v2.1.1
Dec 01 12:14:35.960 INFO [stderr]    Compiling aho-corasick v0.6.9
Dec 01 12:14:36.805 INFO [stderr]    Compiling regex v1.0.6
Dec 01 12:14:43.307 INFO [stderr]    Compiling docker-puzzles v0.1.0 (/source)
Dec 01 12:14:46.510 INFO [stderr]     Finished dev [unoptimized + debuginfo] target(s) in 13.64s
Dec 01 12:14:46.516 INFO [stderr] su: No module specific data is present
Dec 01 12:14:46.827 INFO running `"docker" "inspect" "de73aebeed8a4a9f83188c474f0309bf2e973b52f4b302444169a29dd903411c"`
Dec 01 12:14:46.953 INFO running `"docker" "rm" "-f" "de73aebeed8a4a9f83188c474f0309bf2e973b52f4b302444169a29dd903411c"`
Dec 01 12:14:47.179 INFO [stdout] de73aebeed8a4a9f83188c474f0309bf2e973b52f4b302444169a29dd903411c
Dec 01 12:14:47.182 INFO running `"docker" "create" "-v" "/mnt/big/crater/work/local/target-dirs/beta-1.31-5/worker-5/master#8940af3cea4a9a9deabcaf843b2f8cad9a83fc61:/target:rw,Z" "-v" "/mnt/big/crater/work/local/test-source/worker-5/beta-1.31-5/master#8940af3cea4a9a9deabcaf843b2f8cad9a83fc61:/source:ro,Z" "-v" "/mnt/big/crater/work/local/cargo-home:/cargo-home:ro,Z" "-v" "/mnt/big/crater/work/local/rustup-home:/rustup-home:ro,Z" "-e" "USER_ID=1000" "-e" "SOURCE_DIR=/source" "-e" "USER_ID=1000" "-e" "CMD=cargo +8940af3cea4a9a9deabcaf843b2f8cad9a83fc61-alt test --frozen --no-run" "-e" "CARGO_TARGET_DIR=/target" "-e" "CARGO_INCREMENTAL=0" "-e" "RUST_BACKTRACE=full" "-e" "RUSTFLAGS=--cap-lints=warn" "-e" "CARGO_HOME=/cargo-home" "-e" "RUSTUP_HOME=/rustup-home" "-m" "1536M" "--network" "none" "crater"`
Dec 01 12:14:47.440 INFO [stdout] e02472ccd9700a61db740a0098245cc1e7ccbe0ec3b6e93008b1ed673b8639a2
Dec 01 12:14:47.445 INFO running `"docker" "start" "-a" "e02472ccd9700a61db740a0098245cc1e7ccbe0ec3b6e93008b1ed673b8639a2"`
Dec 01 12:14:47.993 INFO [stderr] usermod: no changes
Dec 01 12:14:48.066 INFO [stderr]    Compiling docker-puzzles v0.1.0 (/source)
Dec 01 12:14:50.319 INFO [stderr]     Finished dev [unoptimized + debuginfo] target(s) in 2.30s
Dec 01 12:14:50.324 INFO [stderr] su: No module specific data is present
Dec 01 12:14:50.613 INFO running `"docker" "inspect" "e02472ccd9700a61db740a0098245cc1e7ccbe0ec3b6e93008b1ed673b8639a2"`
Dec 01 12:14:50.696 INFO running `"docker" "rm" "-f" "e02472ccd9700a61db740a0098245cc1e7ccbe0ec3b6e93008b1ed673b8639a2"`
Dec 01 12:14:50.799 INFO [stdout] e02472ccd9700a61db740a0098245cc1e7ccbe0ec3b6e93008b1ed673b8639a2
Dec 01 12:14:50.805 INFO running `"docker" "create" "-v" "/mnt/big/crater/work/local/target-dirs/beta-1.31-5/worker-5/master#8940af3cea4a9a9deabcaf843b2f8cad9a83fc61:/target:rw,Z" "-v" "/mnt/big/crater/work/local/test-source/worker-5/beta-1.31-5/master#8940af3cea4a9a9deabcaf843b2f8cad9a83fc61:/source:ro,Z" "-v" "/mnt/big/crater/work/local/cargo-home:/cargo-home:ro,Z" "-v" "/mnt/big/crater/work/local/rustup-home:/rustup-home:ro,Z" "-e" "USER_ID=1000" "-e" "SOURCE_DIR=/source" "-e" "USER_ID=1000" "-e" "CMD=cargo +8940af3cea4a9a9deabcaf843b2f8cad9a83fc61-alt test --frozen" "-e" "CARGO_TARGET_DIR=/target" "-e" "CARGO_INCREMENTAL=0" "-e" "RUST_BACKTRACE=full" "-e" "RUSTFLAGS=--cap-lints=warn" "-e" "CARGO_HOME=/cargo-home" "-e" "RUSTUP_HOME=/rustup-home" "-m" "1536M" "--network" "none" "crater"`
Dec 01 12:14:51.245 INFO [stdout] 01731a815420d5e63777c04757e5986fee99712b4c937b321d9e2bc6818cd477
Dec 01 12:14:51.253 INFO running `"docker" "start" "-a" "01731a815420d5e63777c04757e5986fee99712b4c937b321d9e2bc6818cd477"`
Dec 01 12:14:51.928 INFO [stderr] usermod: no changes
Dec 01 12:14:51.968 INFO [stderr]     Finished dev [unoptimized + debuginfo] target(s) in 0.02s
Dec 01 12:14:51.969 INFO [stderr]      Running /target/debug/deps/docker_puzzles-e0b594502e143adf
Dec 01 12:14:51.971 INFO [stdout] 
Dec 01 12:14:51.971 INFO [stdout] running 7 tests
Dec 01 12:14:51.971 INFO [stdout] test config::tests::it_returns_config_if_arg_found ... ok
Dec 01 12:14:51.972 INFO [stdout] test config::tests::it_returns_error_if_arg_not_found ... ok
Dec 01 12:14:51.972 INFO [stdout] test fs_handler::tests::it_returns_error_when_calling_on_missing_directory ... ok
Dec 01 12:14:51.995 INFO [stdout] test tests::calling_with_invalid_directory ... FAILED
Dec 01 12:14:51.995 INFO [stdout] test fs_handler::tests::it_collects_all_files ... FAILED
Dec 01 12:14:51.995 INFO [stdout] test tests::calling_with_valid_directory ... FAILED
Dec 01 12:14:51.995 INFO [stdout] test tests::calling_without_args ... FAILED
Dec 01 12:14:51.995 INFO [stdout] 
Dec 01 12:14:51.995 INFO [stdout] failures:
Dec 01 12:14:51.995 INFO [stdout] 
Dec 01 12:14:51.996 INFO [stdout] ---- tests::calling_with_invalid_directory stdout ----
Dec 01 12:14:51.996 INFO [stdout] thread 'tests::calling_with_invalid_directory' panicked at 'Failed to execute process: Os { code: 2, kind: NotFound, message: "No such file or directory" }', libcore/result.rs:1009:5
Dec 01 12:14:51.996 INFO [stdout] stack backtrace:
Dec 01 12:14:51.996 INFO [stdout]    0:     0x5637b810a56f - std::sys::unix::backtrace::tracing::imp::unwind_backtrace::h3a8b83e1922cbdde
Dec 01 12:14:51.996 INFO [stdout]                                at libstd/sys/unix/backtrace/tracing/gcc_s.rs:49
Dec 01 12:14:51.996 INFO [stdout]    1:     0x5637b8116d77 - std::sys_common::backtrace::print::h00d3155a29b4020f
Dec 01 12:14:51.996 INFO [stdout]                                at libstd/sys_common/backtrace.rs:71
Dec 01 12:14:51.996 INFO [stdout]                                at libstd/sys_common/backtrace.rs:59
Dec 01 12:14:51.996 INFO [stdout]    2:     0x5637b810f92f - std::panicking::default_hook::{{closure}}::hd7465c742e79e1bb
Dec 01 12:14:51.996 INFO [stdout]                                at libstd/panicking.rs:211
Dec 01 12:14:51.996 INFO [stdout]    3:     0x5637b810f62e - std::panicking::default_hook::h9e3966f2aa2a6e12
Dec 01 12:14:51.996 INFO [stdout]                                at libstd/panicking.rs:221
Dec 01 12:14:51.996 INFO [stdout]    4:     0x5637b811000e - std::panicking::rust_panic_with_hook::h587f091ae747d080
Dec 01 12:14:51.996 INFO [stdout]                                at libstd/panicking.rs:476
Dec 01 12:14:51.996 INFO [stdout]    5:     0x5637b810fbb1 - std::panicking::continue_panic_fmt::hb3a4fdede87f43a8
Dec 01 12:14:51.996 INFO [stdout]                                at libstd/panicking.rs:390
Dec 01 12:14:51.996 INFO [stdout]    6:     0x5637b810fa95 - rust_begin_unwind
Dec 01 12:14:51.996 INFO [stdout]                                at libstd/panicking.rs:325
Dec 01 12:14:51.996 INFO [stdout]    7:     0x5637b8151e3c - core::panicking::panic_fmt::h6f9cebf5e7474a0b
Dec 01 12:14:51.996 INFO [stdout]                                at libcore/panicking.rs:77
Dec 01 12:14:51.996 INFO [stdout]    8:     0x5637b8085e1b - core::result::unwrap_failed::h75b77ac64ba72718
Dec 01 12:14:51.996 INFO [stdout]                                at libcore/macros.rs:26
Dec 01 12:14:51.996 INFO [stdout]    9:     0x5637b808561e - <core::result::Result<T, E>>::expect::h0a3f173b7523c732
Dec 01 12:14:51.996 INFO [stdout]                                at libcore/result.rs:835
Dec 01 12:14:51.996 INFO [stdout]   10:     0x5637b80864d7 - docker_puzzles::tests::calling_with_invalid_directory::h71532fa9f786fbdb
Dec 01 12:14:51.996 INFO [stdout]                                at src/tests.rs:21
Dec 01 12:14:51.996 INFO [stdout]   11:     0x5637b8086429 - docker_puzzles::tests::calling_with_invalid_directory::{{closure}}::h1d70c2e44e38240a
Dec 01 12:14:51.996 INFO [stdout]                                at src/tests.rs:20
Dec 01 12:14:51.996 INFO [stdout]   12:     0x5637b8089b8d - core::ops::function::FnOnce::call_once::ha1b3f90c42f4c482
Dec 01 12:14:51.996 INFO [stdout]                                at libcore/ops/function.rs:238
Dec 01 12:14:51.996 INFO [stdout]   13:     0x5637b808e0be - <F as alloc::boxed::FnBox<A>>::call_box::hac903f91577a156c
Dec 01 12:14:51.996 INFO [stdout]                                at libtest/lib.rs:1468
Dec 01 12:14:51.996 INFO [stdout]                                at libcore/ops/function.rs:238
Dec 01 12:14:51.996 INFO [stdout]                                at liballoc/boxed.rs:672
Dec 01 12:14:51.996 INFO [stdout]   14:     0x5637b8121d29 - __rust_maybe_catch_panic
Dec 01 12:14:51.996 INFO [stdout]                                at libpanic_unwind/lib.rs:102
Dec 01 12:14:51.996 INFO [stdout]   15:     0x5637b80afd12 - std::sys_common::backtrace::__rust_begin_short_backtrace::hb8f0d0309526c184
Dec 01 12:14:51.996 INFO [stdout]                                at libstd/panicking.rs:289
Dec 01 12:14:51.996 INFO [stdout]                                at libstd/panic.rs:392
Dec 01 12:14:51.996 INFO [stdout]                                at libtest/lib.rs:1423
Dec 01 12:14:51.996 INFO [stdout]                                at libstd/sys_common/backtrace.rs:136
Dec 01 12:14:51.996 INFO [stdout]   16:     0x5637b80b07c4 - std::panicking::try::do_call::hc2f7c8b9a348d8db
Dec 01 12:14:51.996 INFO [stdout]                                at libstd/thread/mod.rs:409
Dec 01 12:14:51.996 INFO [stdout]                                at libstd/panic.rs:313
Dec 01 12:14:51.996 INFO [stdout]                                at libstd/panicking.rs:310
Dec 01 12:14:51.996 INFO [stdout]   17:     0x5637b8121d29 - __rust_maybe_catch_panic
Dec 01 12:14:51.996 INFO [stdout]                                at libpanic_unwind/lib.rs:102
Dec 01 12:14:51.996 INFO [stdout]   18:     0x5637b809d9fc - <F as alloc::boxed::FnBox<A>>::call_box::h6bfded618e480b32
Dec 01 12:14:51.996 INFO [stdout]                                at libstd/panicking.rs:289
Dec 01 12:14:51.996 INFO [stdout]                                at libstd/panic.rs:392
Dec 01 12:14:51.996 INFO [stdout]                                at libstd/thread/mod.rs:408
Dec 01 12:14:51.996 INFO [stdout]                                at liballoc/boxed.rs:672
Dec 01 12:14:51.996 INFO [stdout]   19:     0x5637b810c9bd - std::sys_common::thread::start_thread::h4c28257d67cdf9cb
Dec 01 12:14:51.996 INFO [stdout]                                at liballoc/boxed.rs:682
Dec 01 12:14:51.996 INFO [stdout]                                at libstd/sys_common/thread.rs:24
Dec 01 12:14:51.996 INFO [stdout]   20:     0x5637b80ff3b5 - std::sys::unix::thread::Thread::new::thread_start::hfecb2e7eff8fd34f
Dec 01 12:14:51.996 INFO [stdout]                                at libstd/sys/unix/thread.rs:90
Dec 01 12:14:51.996 INFO [stdout]   21:     0x7fb1a5c186b9 - start_thread
Dec 01 12:14:51.996 INFO [stdout]   22:     0x7fb1a573841c - clone
Dec 01 12:14:51.996 INFO [stdout]   23:                0x0 - <unknown>
Dec 01 12:14:51.996 INFO [stdout] 
Dec 01 12:14:51.996 INFO [stdout] ---- fs_handler::tests::it_collects_all_files stdout ----
Dec 01 12:14:51.996 INFO [stdout] thread 'fs_handler::tests::it_collects_all_files' panicked at 'assertion failed: `(left == right)`
Dec 01 12:14:51.996 INFO [stdout]   left: `"./assets/a/Puzzlefile"`,
Dec 01 12:14:51.996 INFO [stdout]  right: `"./assets/b/Puzzlefile"`', src/fs_handler.rs:33:9
Dec 01 12:14:51.996 INFO [stdout] stack backtrace:
Dec 01 12:14:51.996 INFO [stdout]    0:     0x5637b810a56f - std::sys::unix::backtrace::tracing::imp::unwind_backtrace::h3a8b83e1922cbdde
Dec 01 12:14:51.996 INFO [stdout]                                at libstd/sys/unix/backtrace/tracing/gcc_s.rs:49
Dec 01 12:14:51.996 INFO [stdout]    1:     0x5637b8116d77 - std::sys_common::backtrace::print::h00d3155a29b4020f
Dec 01 12:14:51.996 INFO [stdout]                                at libstd/sys_common/backtrace.rs:71
Dec 01 12:14:51.996 INFO [stdout]                                at libstd/sys_common/backtrace.rs:59
Dec 01 12:14:51.996 INFO [stdout]    2:     0x5637b810f92f - std::panicking::default_hook::{{closure}}::hd7465c742e79e1bb
Dec 01 12:14:51.996 INFO [stdout]                                at libstd/panicking.rs:211
Dec 01 12:14:51.996 INFO [stdout]    3:     0x5637b810f62e - std::panicking::default_hook::h9e3966f2aa2a6e12
Dec 01 12:14:51.996 INFO [stdout]                                at libstd/panicking.rs:221
Dec 01 12:14:51.996 INFO [stdout]    4:     0x5637b811000e - std::panicking::rust_panic_with_hook::h587f091ae747d080
Dec 01 12:14:51.996 INFO [stdout]                                at libstd/panicking.rs:476
Dec 01 12:14:51.996 INFO [stdout]    5:     0x5637b810fbb1 - std::panicking::continue_panic_fmt::hb3a4fdede87f43a8
Dec 01 12:14:51.996 INFO [stdout]                                at libstd/panicking.rs:390
Dec 01 12:14:51.996 INFO [stdout]    6:     0x5637b810fafe - std::panicking::begin_panic_fmt::h387afc7da9a10555
Dec 01 12:14:51.996 INFO [stdout]                                at libstd/panicking.rs:345
Dec 01 12:14:51.996 INFO [stdout]    7:     0x5637b8087193 - docker_puzzles::fs_handler::tests::it_collects_all_files::hd7014567015550bd
Dec 01 12:14:51.996 INFO [stdout]                                at src/fs_handler.rs:33
Dec 01 12:14:51.996 INFO [stdout]    8:     0x5637b8086c69 - docker_puzzles::fs_handler::tests::it_collects_all_files::{{closure}}::ha4f0f632e1818a37
Dec 01 12:14:51.996 INFO [stdout]                                at src/fs_handler.rs:30
Dec 01 12:14:51.996 INFO [stdout]    9:     0x5637b8089a8d - core::ops::function::FnOnce::call_once::h4fd9684a50f926bf
Dec 01 12:14:51.996 INFO [stdout]                                at libcore/ops/function.rs:238
Dec 01 12:14:51.996 INFO [stdout]   10:     0x5637b808e0be - <F as alloc::boxed::FnBox<A>>::call_box::hac903f91577a156c
Dec 01 12:14:51.996 INFO [stdout]                                at libtest/lib.rs:1468
Dec 01 12:14:51.996 INFO [stdout]                                at libcore/ops/function.rs:238
Dec 01 12:14:51.996 INFO [stdout]                                at liballoc/boxed.rs:672
Dec 01 12:14:51.996 INFO [stdout]   11:     0x5637b8121d29 - __rust_maybe_catch_panic
Dec 01 12:14:51.996 INFO [stdout]                                at libpanic_unwind/lib.rs:102
Dec 01 12:14:51.996 INFO [stdout]   12:     0x5637b80afd12 - std::sys_common::backtrace::__rust_begin_short_backtrace::hb8f0d0309526c184
Dec 01 12:14:51.996 INFO [stdout]                                at libstd/panicking.rs:289
Dec 01 12:14:51.996 INFO [stdout]                                at libstd/panic.rs:392
Dec 01 12:14:51.997 INFO [stdout]                                at libtest/lib.rs:1423
Dec 01 12:14:51.997 INFO [stdout]                                at libstd/sys_common/backtrace.rs:136
Dec 01 12:14:51.997 INFO [stdout]   13:     0x5637b80b07c4 - std::panicking::try::do_call::hc2f7c8b9a348d8db
Dec 01 12:14:51.997 INFO [stdout]                                at libstd/thread/mod.rs:409
Dec 01 12:14:51.997 INFO [stdout]                                at libstd/panic.rs:313
Dec 01 12:14:51.997 INFO [stdout]                                at libstd/panicking.rs:310
Dec 01 12:14:51.997 INFO [stdout]   14:     0x5637b8121d29 - __rust_maybe_catch_panic
Dec 01 12:14:51.997 INFO [stdout]                                at libpanic_unwind/lib.rs:102
Dec 01 12:14:51.997 INFO [stdout]   15:     0x5637b809d9fc - <F as alloc::boxed::FnBox<A>>::call_box::h6bfded618e480b32
Dec 01 12:14:51.997 INFO [stdout]                                at libstd/panicking.rs:289
Dec 01 12:14:51.997 INFO [stdout]                                at libstd/panic.rs:392
Dec 01 12:14:51.997 INFO [stdout]                                at libstd/thread/mod.rs:408
Dec 01 12:14:51.997 INFO [stdout]                                at liballoc/boxed.rs:672
Dec 01 12:14:51.997 INFO [stdout]   16:     0x5637b810c9bd - std::sys_common::thread::start_thread::h4c28257d67cdf9cb
Dec 01 12:14:51.997 INFO [stdout]                                at liballoc/boxed.rs:682
Dec 01 12:14:51.997 INFO [stdout]                                at libstd/sys_common/thread.rs:24
Dec 01 12:14:51.997 INFO [stdout]   17:     0x5637b80ff3b5 - std::sys::unix::thread::Thread::new::thread_start::hfecb2e7eff8fd34f
Dec 01 12:14:51.997 INFO [stdout]                                at libstd/sys/unix/thread.rs:90
Dec 01 12:14:51.997 INFO [stdout]   18:     0x7fb1a5c186b9 - start_thread
Dec 01 12:14:51.997 INFO [stdout]   19:     0x7fb1a573841c - clone
Dec 01 12:14:51.997 INFO [stdout]   20:                0x0 - <unknown>
Dec 01 12:14:51.997 INFO [stdout] 
Dec 01 12:14:51.997 INFO [stdout] ---- tests::calling_with_valid_directory stdout ----
Dec 01 12:14:51.997 INFO [stdout] thread 'tests::calling_with_valid_directory' panicked at 'Failed to execute process: Os { code: 2, kind: NotFound, message: "No such file or directory" }', libcore/result.rs:1009:5
Dec 01 12:14:51.997 INFO [stdout] stack backtrace:
Dec 01 12:14:51.997 INFO [stdout]    0:     0x5637b810a56f - std::sys::unix::backtrace::tracing::imp::unwind_backtrace::h3a8b83e1922cbdde
Dec 01 12:14:51.997 INFO [stdout]                                at libstd/sys/unix/backtrace/tracing/gcc_s.rs:49
Dec 01 12:14:51.997 INFO [stdout]    1:     0x5637b8116d77 - std::sys_common::backtrace::print::h00d3155a29b4020f
Dec 01 12:14:51.997 INFO [stdout]                                at libstd/sys_common/backtrace.rs:71
Dec 01 12:14:51.997 INFO [stdout]                                at libstd/sys_common/backtrace.rs:59
Dec 01 12:14:51.997 INFO [stdout]    2:     0x5637b810f92f - std::panicking::default_hook::{{closure}}::hd7465c742e79e1bb
Dec 01 12:14:51.997 INFO [stdout]                                at libstd/panicking.rs:211
Dec 01 12:14:51.997 INFO [stdout]    3:     0x5637b810f62e - std::panicking::default_hook::h9e3966f2aa2a6e12
Dec 01 12:14:51.997 INFO [stdout]                                at libstd/panicking.rs:221
Dec 01 12:14:51.997 INFO [stdout]    4:     0x5637b811000e - std::panicking::rust_panic_with_hook::h587f091ae747d080
Dec 01 12:14:51.997 INFO [stdout]                                at libstd/panicking.rs:476
Dec 01 12:14:51.997 INFO [stdout]    5:     0x5637b810fbb1 - std::panicking::continue_panic_fmt::hb3a4fdede87f43a8
Dec 01 12:14:51.997 INFO [stdout]                                at libstd/panicking.rs:390
Dec 01 12:14:51.997 INFO [stdout]    6:     0x5637b810fa95 - rust_begin_unwind
Dec 01 12:14:51.997 INFO [stdout]                                at libstd/panicking.rs:325
Dec 01 12:14:51.997 INFO [stdout]    7:     0x5637b8151e3c - core::panicking::panic_fmt::h6f9cebf5e7474a0b
Dec 01 12:14:51.997 INFO [stdout]                                at libcore/panicking.rs:77
Dec 01 12:14:51.997 INFO [stdout]    8:     0x5637b8085e1b - core::result::unwrap_failed::h75b77ac64ba72718
Dec 01 12:14:51.997 INFO [stdout]                                at libcore/macros.rs:26
Dec 01 12:14:51.997 INFO [stdout]    9:     0x5637b808561e - <core::result::Result<T, E>>::expect::h0a3f173b7523c732
Dec 01 12:14:51.997 INFO [stdout]                                at libcore/result.rs:835
Dec 01 12:14:51.997 INFO [stdout]   10:     0x5637b80867f0 - docker_puzzles::tests::calling_with_valid_directory::hbca33627b7151db9
Dec 01 12:14:51.997 INFO [stdout]                                at src/tests.rs:34
Dec 01 12:14:51.997 INFO [stdout]   11:     0x5637b8086739 - docker_puzzles::tests::calling_with_valid_directory::{{closure}}::h370baeb29d6cdc9a
Dec 01 12:14:51.997 INFO [stdout]                                at src/tests.rs:33
Dec 01 12:14:51.997 INFO [stdout]   12:     0x5637b8089c4d - core::ops::function::FnOnce::call_once::hd62d84f63cea18fe
Dec 01 12:14:51.997 INFO [stdout]                                at libcore/ops/function.rs:238
Dec 01 12:14:51.997 INFO [stdout]   13:     0x5637b808e0be - <F as alloc::boxed::FnBox<A>>::call_box::hac903f91577a156c
Dec 01 12:14:51.997 INFO [stdout]                                at libtest/lib.rs:1468
Dec 01 12:14:51.997 INFO [stdout]                                at libcore/ops/function.rs:238
Dec 01 12:14:51.997 INFO [stdout]                                at liballoc/boxed.rs:672
Dec 01 12:14:51.997 INFO [stdout]   14:     0x5637b8121d29 - __rust_maybe_catch_panic
Dec 01 12:14:51.997 INFO [stdout]                                at libpanic_unwind/lib.rs:102
Dec 01 12:14:51.997 INFO [stdout]   15:     0x5637b80afd12 - std::sys_common::backtrace::__rust_begin_short_backtrace::hb8f0d0309526c184
Dec 01 12:14:51.997 INFO [stdout]                                at libstd/panicking.rs:289
Dec 01 12:14:51.997 INFO [stdout]                                at libstd/panic.rs:392
Dec 01 12:14:51.997 INFO [stdout]                                at libtest/lib.rs:1423
Dec 01 12:14:51.997 INFO [stdout]                                at libstd/sys_common/backtrace.rs:136
Dec 01 12:14:51.997 INFO [stdout]   16:     0x5637b80b07c4 - std::panicking::try::do_call::hc2f7c8b9a348d8db
Dec 01 12:14:51.997 INFO [stdout]                                at libstd/thread/mod.rs:409
Dec 01 12:14:51.997 INFO [stdout]                                at libstd/panic.rs:313
Dec 01 12:14:51.997 INFO [stdout]                                at libstd/panicking.rs:310
Dec 01 12:14:51.997 INFO [stdout]   17:     0x5637b8121d29 - __rust_maybe_catch_panic
Dec 01 12:14:51.997 INFO [stdout]                                at libpanic_unwind/lib.rs:102
Dec 01 12:14:51.997 INFO [stdout]   18:     0x5637b809d9fc - <F as alloc::boxed::FnBox<A>>::call_box::h6bfded618e480b32
Dec 01 12:14:51.997 INFO [stdout]                                at libstd/panicking.rs:289
Dec 01 12:14:51.997 INFO [stdout]                                at libstd/panic.rs:392
Dec 01 12:14:51.997 INFO [stdout]                                at libstd/thread/mod.rs:408
Dec 01 12:14:51.997 INFO [stdout]                                at liballoc/boxed.rs:672
Dec 01 12:14:51.997 INFO [stdout]   19:     0x5637b810c9bd - std::sys_common::thread::start_thread::h4c28257d67cdf9cb
Dec 01 12:14:51.997 INFO [stdout]                                at liballoc/boxed.rs:682
Dec 01 12:14:51.997 INFO [stdout]                                at libstd/sys_common/thread.rs:24
Dec 01 12:14:51.997 INFO [stdout]   20:     0x5637b80ff3b5 - std::sys::unix::thread::Thread::new::thread_start::hfecb2e7eff8fd34f
Dec 01 12:14:51.997 INFO [stdout]                                at libstd/sys/unix/thread.rs:90
Dec 01 12:14:51.997 INFO [stdout]   21:     0x7fb1a5c186b9 - start_thread
Dec 01 12:14:51.997 INFO [stdout]   22:     0x7fb1a573841c - clone
Dec 01 12:14:51.997 INFO [stdout]   23:                0x0 - <unknown>
Dec 01 12:14:51.997 INFO [stdout] 
Dec 01 12:14:51.997 INFO [stdout] ---- tests::calling_without_args stdout ----
Dec 01 12:14:51.997 INFO [stdout] thread 'tests::calling_without_args' panicked at 'Failed to execute process: Os { code: 2, kind: NotFound, message: "No such file or directory" }', libcore/result.rs:1009:5
Dec 01 12:14:51.997 INFO [stdout] stack backtrace:
Dec 01 12:14:51.997 INFO [stdout]    0:     0x5637b810a56f - std::sys::unix::backtrace::tracing::imp::unwind_backtrace::h3a8b83e1922cbdde
Dec 01 12:14:51.997 INFO [stdout]                                at libstd/sys/unix/backtrace/tracing/gcc_s.rs:49
Dec 01 12:14:51.997 INFO [stdout]    1:     0x5637b8116d77 - std::sys_common::backtrace::print::h00d3155a29b4020f
Dec 01 12:14:51.997 INFO [stdout]                                at libstd/sys_common/backtrace.rs:71
Dec 01 12:14:51.997 INFO [stdout]                                at libstd/sys_common/backtrace.rs:59
Dec 01 12:14:51.997 INFO [stdout]    2:     0x5637b810f92f - std::panicking::default_hook::{{closure}}::hd7465c742e79e1bb
Dec 01 12:14:51.997 INFO [stdout]                                at libstd/panicking.rs:211
Dec 01 12:14:51.997 INFO [stdout]    3:     0x5637b810f62e - std::panicking::default_hook::h9e3966f2aa2a6e12
Dec 01 12:14:51.997 INFO [stdout]                                at libstd/panicking.rs:221
Dec 01 12:14:51.997 INFO [stdout]    4:     0x5637b811000e - std::panicking::rust_panic_with_hook::h587f091ae747d080
Dec 01 12:14:51.997 INFO [stdout]                                at libstd/panicking.rs:476
Dec 01 12:14:51.997 INFO [stdout]    5:     0x5637b810fbb1 - std::panicking::continue_panic_fmt::hb3a4fdede87f43a8
Dec 01 12:14:51.997 INFO [stdout]                                at libstd/panicking.rs:390
Dec 01 12:14:51.997 INFO [stdout]    6:     0x5637b810fa95 - rust_begin_unwind
Dec 01 12:14:51.997 INFO [stdout]                                at libstd/panicking.rs:325
Dec 01 12:14:51.997 INFO [stdout]    7:     0x5637b8151e3c - core::panicking::panic_fmt::h6f9cebf5e7474a0b
Dec 01 12:14:51.997 INFO [stdout]                                at libcore/panicking.rs:77
Dec 01 12:14:51.997 INFO [stdout]    8:     0x5637b8085e1b - core::result::unwrap_failed::h75b77ac64ba72718
Dec 01 12:14:51.997 INFO [stdout]                                at libcore/macros.rs:26
Dec 01 12:14:51.997 INFO [stdout]    9:     0x5637b808561e - <core::result::Result<T, E>>::expect::h0a3f173b7523c732
Dec 01 12:14:51.997 INFO [stdout]                                at libcore/result.rs:835
Dec 01 12:14:51.997 INFO [stdout]   10:     0x5637b80861bb - docker_puzzles::tests::calling_without_args::he17144c7d291e3a6
Dec 01 12:14:51.997 INFO [stdout]                                at src/tests.rs:9
Dec 01 12:14:51.997 INFO [stdout]   11:     0x5637b8086139 - docker_puzzles::tests::calling_without_args::{{closure}}::h0aaa76220e6b0e03
Dec 01 12:14:51.997 INFO [stdout]                                at src/tests.rs:8
Dec 01 12:14:51.997 INFO [stdout]   12:     0x5637b8089b4d - core::ops::function::FnOnce::call_once::h8e50f85525bd627b
Dec 01 12:14:51.997 INFO [stdout]                                at libcore/ops/function.rs:238
Dec 01 12:14:51.997 INFO [stdout]   13:     0x5637b808e0be - <F as alloc::boxed::FnBox<A>>::call_box::hac903f91577a156c
Dec 01 12:14:51.997 INFO [stdout]                                at libtest/lib.rs:1468
Dec 01 12:14:51.997 INFO [stdout]                                at libcore/ops/function.rs:238
Dec 01 12:14:51.997 INFO [stdout]                                at liballoc/boxed.rs:672
Dec 01 12:14:51.997 INFO [stdout]   14:     0x5637b8121d29 - __rust_maybe_catch_panic
Dec 01 12:14:51.997 INFO [stdout]                                at libpanic_unwind/lib.rs:102
Dec 01 12:14:51.997 INFO [stdout]   15:     0x5637b80afd12 - std::sys_common::backtrace::__rust_begin_short_backtrace::hb8f0d0309526c184
Dec 01 12:14:51.997 INFO [stdout]                                at libstd/panicking.rs:289
Dec 01 12:14:51.997 INFO [stdout]                                at libstd/panic.rs:392
Dec 01 12:14:51.997 INFO [stdout]                                at libtest/lib.rs:1423
Dec 01 12:14:51.997 INFO [stdout]                                at libstd/sys_common/backtrace.rs:136
Dec 01 12:14:51.997 INFO [stdout]   16:     0x5637b80b07c4 - std::panicking::try::do_call::hc2f7c8b9a348d8db
Dec 01 12:14:51.997 INFO [stdout]                                at libstd/thread/mod.rs:409
Dec 01 12:14:51.997 INFO [stdout]                                at libstd/panic.rs:313
Dec 01 12:14:51.998 INFO [stdout]                                at libstd/panicking.rs:310
Dec 01 12:14:51.998 INFO [stdout]   17:     0x5637b8121d29 - __rust_maybe_catch_panic
Dec 01 12:14:51.998 INFO [stdout]                                at libpanic_unwind/lib.rs:102
Dec 01 12:14:51.998 INFO [stdout]   18:     0x5637b809d9fc - <F as alloc::boxed::FnBox<A>>::call_box::h6bfded618e480b32
Dec 01 12:14:51.998 INFO [stdout]                                at libstd/panicking.rs:289
Dec 01 12:14:51.998 INFO [stdout]                                at libstd/panic.rs:392
Dec 01 12:14:51.998 INFO [stdout]                                at libstd/thread/mod.rs:408
Dec 01 12:14:51.998 INFO [stdout]                                at liballoc/boxed.rs:672
Dec 01 12:14:51.998 INFO [stdout]   19:     0x5637b810c9bd - std::sys_common::thread::start_thread::h4c28257d67cdf9cb
Dec 01 12:14:51.998 INFO [stdout]                                at liballoc/boxed.rs:682
Dec 01 12:14:51.998 INFO [stdout]                                at libstd/sys_common/thread.rs:24
Dec 01 12:14:51.998 INFO [stdout]   20:     0x5637b80ff3b5 - std::sys::unix::thread::Thread::new::thread_start::hfecb2e7eff8fd34f
Dec 01 12:14:51.998 INFO [stdout]                                at libstd/sys/unix/thread.rs:90
Dec 01 12:14:51.998 INFO [stdout]   21:     0x7fb1a5c186b9 - start_thread
Dec 01 12:14:51.998 INFO [stdout]   22:     0x7fb1a573841c - clone
Dec 01 12:14:51.998 INFO [stdout]   23:                0x0 - <unknown>
Dec 01 12:14:51.998 INFO [stdout] 
Dec 01 12:14:51.998 INFO [stdout] 
Dec 01 12:14:51.998 INFO [stdout] failures:
Dec 01 12:14:51.998 INFO [stdout]     fs_handler::tests::it_collects_all_files
Dec 01 12:14:51.998 INFO [stdout]     tests::calling_with_invalid_directory
Dec 01 12:14:51.998 INFO [stdout]     tests::calling_with_valid_directory
Dec 01 12:14:51.998 INFO [stdout]     tests::calling_without_args
Dec 01 12:14:51.998 INFO [stdout] 
Dec 01 12:14:51.998 INFO [stdout] test result: FAILED. 3 passed; 4 failed; 0 ignored; 0 measured; 0 filtered out
Dec 01 12:14:51.998 INFO [stdout] 
Dec 01 12:14:51.998 INFO [stderr] error: test failed, to rerun pass '--lib'
Dec 01 12:14:51.999 INFO [stderr] su: No module specific data is present
Dec 01 12:14:52.295 INFO running `"docker" "inspect" "01731a815420d5e63777c04757e5986fee99712b4c937b321d9e2bc6818cd477"`
Dec 01 12:14:52.360 INFO running `"docker" "rm" "-f" "01731a815420d5e63777c04757e5986fee99712b4c937b321d9e2bc6818cd477"`
Dec 01 12:14:52.433 INFO [stdout] 01731a815420d5e63777c04757e5986fee99712b4c937b321d9e2bc6818cd477
